of 192/f + 4/14?
2, 7
Let d(f) = -f**2 - 13*f - 5. List the prime factors of d(-5).
5, 7
Let p(c) = c**2 + 6*c + 2. Let z be p(-4). Let o = -1 - z. List the prime factors of o.
5
List the prime factors of 9/(-21)*-4*7.
2, 3
Suppose 0 = -7*i + 723 + 229. List the prime factors of i.
2, 17
Let y(j) = 0*j - j**3 + 0 + 1 - 7*j**2 + 5*j. List the prime factors of y(-8).
5
Let l be -9*1 - (2 - 1). Let j(r) = 5*r + 7. Let c(b) = -6*b - 7. Let a(f) = -2*c(f) - 3*j(f). List the prime factors of a(l).
23
Suppose -10*c - 276 = -13*c. List the prime factors of c.
2, 23
Let j = 4 + -34. Let n = 42 + j. List the prime factors of n.
2, 3
Suppose -4*g - 5*j = -763, g = 3*g - 2*j - 404. List the prime factors of g.
197
Suppose 2*g - 6 = -2. Let k(p) be the second derivative of p**4/6 - p**3/6 - p**2/2 - 2*p. What are the prime factors of k(g)?
5
Suppose -3*p + f - 88 = -5*p, -3*p + 2*f + 132 = 0. What are the prime factors of p?
2, 11
Let r = 123 - 39. List the prime factors of r.
2, 3, 7
Let v be 7/(-2)*24/(-14). Suppose 3*f + 5*t = 2*f - v, -5*t - 24 = -f. List the prime factors of f.
3
Suppose -5*j - l - l - 247 = 0, 5*j + 5*l + 250 = 0. List the prime factors of (-21)/j - 316/(-14).
23
Suppose -2*y - 2*y = -v - 29, -7 = -2*y - v. Let c(m) = m**2 - 7*m + 6. Let h be c(y). Suppose -s + 3*s - 6 = h. What are the prime factors of s?
3
List the prime factors of (-2)/(-8) - (-1146)/24.
2, 3
Suppose -3*g + 5*h - h = -241, 3*g + h - 251 = 0. What are the prime factors of g?
83
Let j(r) = 2*r - 1. Let q be j(1). Let m be ((-4)/(-10))/(q/5). Suppose 0 = 5*x - 3*w - 8 - m, -2*w = 0. List the prime factors of x.
2
Suppose 5*h + 5*u + 560 = 0, 5*u + 53 = -2*h - 183. What are the prime factors of h/(-15) + 2/(-10)?
7
Suppose -2*t - 2*q = 3*t - 203, 2*t = 3*q + 66. What are the prime factors of t?
3, 13
Suppose 4*k - 5 = -13, -5*k = 5*c - 640. What are the prime factors of c?
2, 5, 13
Let z be 0/3*2/2. Suppose 2*p - 5 + 1 = z. Suppose 0*t = p*t - 10. What are the prime factors of t?
5
Let l = -316 - -602. List the prime factors of l.
2, 11, 13
Suppose -5*u - 30 = -8*u. List the prime factors of u.
2, 5
Let x(p) = -p**3 - 2*p**2 - 5*p - 4. Let a be x(-3). Let c = a - 10. What are the prime factors of c?
2, 5
What are the prime factors of (-2)/(16/140)*-4?
2, 5, 7
Let k = 11 + -6. Suppose k*s + 2*v = 17, -v - v - 10 = -4*s. Suppose 5*j = j - 3*g + s, j + 3*g = -6. What are the prime factors of j?
3
Let c be -6*(-2)/3 - 0. Let r(b) be the third derivative of b**4/24 + b**3/3 + 2*b**2. List the prime factors of r(c).
2, 3
Let x(u) = -10*u. Suppose -3*c + 2 = 2*v, -4*c - 5 + 7 = 2*v. Suppose -2 = s - v. What are the prime factors of x(s)?
2, 5
Let g = -10 - -15. Suppose -g*w - 4*s + 9 + 5 = 0, 4*s = 5*w - 6. Suppose 0 = -0*l - w*l - 6, 0 = -4*b - l + 37. What are the prime factors of b?
2, 5
Let d = 13 + -10. Suppose 5*o - 2*u - 50 = 0, -2*o - 3*u = d*o - 25. What are the prime factors of o?
2
Let g be (-3 - -1) + 3/(-3). Let d(t) = -t**3 - 3*t**2 - 5*t - 4. What are the prime factors of d(g)?
11
Let a(h) = h**3 + 17*h**2 - 21*h - 4. What are the prime factors of a(-18)?
2, 5
Suppose -4*h - 17 = -z, -3*z = -5*h - 11 - 5. Let k(y) be the third derivative of y**5/60 + y**4/6 + 2*y**3/3 - y**2. List the prime factors of k(h).
3
Suppose 2 + 6 = 2*x. Let a(u) = 2*u - x*u + u + 1. What are the prime factors of a(-5)?
2, 3
Suppose w = 3*w - 16. Let b be 0 - (-3 + -3) - 2. Suppose w = c + r, 9*c + 3*r - 40 = b*c. What are the prime factors of c?
2
Let q(b) = 6*b**2 - 4*b - 5. What are the prime factors of q(-2)?
3
Let i = 4 - 4. Let b = 9 - i. List the prime factors of b.
3
Let f be (-7 - 1) + -5 + 7. Let l = -3 - f. Suppose 4*p - 18 = 5*q + 61, -q - l = 0. List the prime factors of p.
2
Suppose 0*d = 3*q + 5*d + 57, -2*q - 39 = 3*d. Suppose 0 = -4*b - 51 - 5. Let m = b - q. What are the prime factors of m?
2, 5
Suppose -a - 66 = -4*a. What are the prime factors of -3 + 2 + -3 + a?
2, 3
Suppose 0 = 4*g - k + 56, -3*k + 25 = -4*g - 31. List the prime factors of (g/7)/(4/(-38)).
19
Let w = 69 + 119. List the prime factors of w.
2, 47
Let a(p) = -2*p**2 + 28*p - 7. List the prime factors of a(11).
59
Suppose x + 6 - 1 = 0. Let a be ((-3)/(-3))/((-1)/x). Suppose -2*i + 15 = -a. What are the prime factors of i?
2, 5
Let n(j) = -j**3 + j**2 - j + 3. Let z be n(0). Suppose 0 = -0*k + z*k - 93. What are the prime factors of k?
31
What are the prime factors of (-14)/2*(8 + 188/(-7))?
2, 3, 11
Let w(r) = 3*r**2 + 52*r + 4. What are the prime factors of w(-22)?
2, 3, 13
Let n be 26/(-117) + 695/9. Suppose f - 6*f = 4*d - n, d + 7 = 4*f. List the prime factors of d.
13
Suppose 266 = 2*z - 4*k - k, -4*z - 3*k + 584 = 0. What are the prime factors of z?
11, 13
Let h(t) = t**3 - 6*t**2 + 8*t - 7. Let a(w) = 3*w**3 - 17*w**2 + 24*w - 22. Let m(n) = -2*a(n) + 7*h(n). List the prime factors of m(7).
2
Let j(k) = k**2 + 5*k + 4. Let b be j(-4). Suppose -2*z - 2*z = -3*a - 11, b = -2*z + 10. Let f = 7 - a. List the prime factors of f.
2
Suppose -f - f = -8. What are the prime factors of 5/f*(7 + 5)?
3, 5
Let v = 9 - -76. What are the prime factors of v?
5, 17
Let f(g) = 5*g + 6. Let y(i) = -9*i - 13. Let q(p) = -7*f(p) - 4*y(p). What are the prime factors of q(-7)?
3
Suppose -4*n + 4*u + 184 = 2*u, 5*u + 124 = 3*n. Suppose 0 = -3*y - y + n. What are the prime factors of y?
2, 3
Suppose -4*f + 3 = -4*v - 5, -4*v - 3*f = -20. Suppose 0*w + w - 37 = -y, -v*w = -3*y + 96. List the prime factors of y.
2, 17
List the prime factors of (6/8)/(2/184).
3, 23
Let m be (7/((-14)/(-228)))/(-1). Let q be 0 + 3 + -6 + 2. What are the prime factors of (m/24)/(q/4)?
19
Let o = 19 + -12. Let s = o + -5. What are the prime factors of (s - -1)/(-3)*-2?
2
Let p be 0/(4 + -3 - 2). Suppose -h + 0 + 7 = p. List the prime factors of h.
7
Let b = -5 - -9. Suppose 0 = f + b*u - 21, -f = 3*f + 2*u - 56. List the prime factors of f.
13
Let r(q) = -7*q**3 + 2*q**2 - 5*q. Let v(p) = -20*p**3 + 6*p**2 - 14*p. Let c(m) = 11*r(m) - 4*v(m). Suppose 2 = -6*s + 8. List the prime factors of c(s).
2
Let l(o) = -o**2 - 8*o - 4. What are the prime factors of l(-6)?
2
Let g = 2 - -2. Let r = 4 - 4. Suppose 2*b - g = -4*x - r, -b = 4*x + 4. List the prime factors of b.
2
Suppose r - 65 = 5*q, -r - 4*q = -2*r + 65. What are the prime factors of r?
5, 13
What are the prime factors of (-7)/(2 - (-103)/(-51)) + -4?
353
Let t = 75 + -19. List the prime factors of t.
2, 7
Let o be (172/(-6))/(6/(-9)). Suppose 3*x - 3*u = -4*u + o, 0 = 2*u + 10. What are the prime factors of x?
2
Suppose -v - 3 = 2*q - 9, 3*v + 3*q = 24. Suppose -3*l = 2*l - v. Suppose l*s - 10 - 12 = 0. What are the prime factors of s?
11
Suppose 5 = 6*k - 7. Suppose 4*n + 3*f = k*f + 175, f + 5 = 0. What are the prime factors of n?
3, 5
Let g be (1 - -4) + 6/3. Let u = -4 + g. What are the prime factors of (8 - u)*4/10?
2
Let m(f) be the second derivative of -f**4/12 + f**3 + 4*f**2 - f. List the prime factors of m(6).
2
Suppose -3*d = d + 28. Let n = d + 12. List the prime factors of n.
5
List the prime factors of (1 + 2)/((-4)/(-12)).
3
Suppose -3*i - 44 = -4*q + 2*i, -52 = -2*q - 5*i. List the prime factors of q.
2
Suppose -n + 3*a + 161 = 0, -483 = -0*n - 3*n + 3*a. Suppose -5*r = -24 - n. List the prime factors of r.
37
Let q(z) = -3*z**3 - 8 - 2*z**2 + 3*z + 4 - 2*z**3 + 4*z**3. List the prime factors of q(-4).
2
Let j(c) be the third derivative of -c**4/8 - 3*c**3/2 - 2*c**2. List the prime factors of j(-8).
3, 5
Let q(k) = 21*k**2 + 7*k + 1. List the prime factors of q(-2).
71
List the prime factors of 8 + -6 + (-1 - -6).
7
Suppose 4*p + 153 = p. List the prime factors of 4 - (3 + 5) - p.
47
Let c(g) be the first derivative of g**2/2 - 4*g - 1. Let h be c(9). Suppose 2*w = r + 8, 0 = -5*w - 0*w - 5*r + h. What are the prime factors of w?
3
Suppose 4*n - 3*n = 134. What are the prime factors of n?
2, 67
Suppose 9*i = -4*w + 4*i + 16, 2*w - 8 = i. Suppose -w*j = j - 95. What are the prime factors of j?
19
Let a be ((3 - 5) + 1)*-20. Suppose 0 = 3*z + 2*z - a. List the prime factors of z.
2
Suppose 5*y + 7*k - 6*k = 404, -3*k = 3*y - 252. List the prime factors of y.
2, 5
Let l be (-3)/(9/10)*-6. Let b = l - 6. List the prime factors of b.
2, 7
Let f = 13 + -8. Suppose -5*a